-a = -5*a + 4. Suppose 4*k - 137 - 3 = 0. Calculate the remainder when k is divided by -1*a/(-2)*36.
17
Let v = -101 - -180. Suppose -f + 3*g + 36 = 0, 4*g - 5 - 64 = -3*f. Calculate the remainder when v is divided by f.
25
Let y = 33 - 18. Suppose 2*v - 20 - 34 = 0. What is the remainder when v is divided by y?
12
Suppose -4*v = -33 + 1. Let j = 5 - 30. Calculate the remainder when ((-28)/10)/(5/j) is divided by v.
6
Let d be ((-2)/4)/((-1)/(-2)). Let x(o) = 6*o**2. Calculate the remainder when x(d) is divided by 3.
0
Suppose 245 = -3*q + 8*q. What is the remainder when q is divided by 26?
23
Suppose 4*s + 59 = 5*d, -d + 0*d = -5*s - 16. Suppose n = 5*a + 6*n, 0 = -2*a + 4*n. Suppose 3*o + 0*o - 18 = a. What is the remainder when d is divided by o?
5
Suppose -4*h = -3*j - 0*j - 20, 0 = -4*h - j + 20. Suppose -4*m - 10 = -h*i - 1, -5*m - 4*i = -40. What is the remainder when 5 is divided by m?
1
Suppose c - 4 - 3 = 0. Let g = c + 13. What is the remainder when g is divided by 11?
9
Let y(r) be the third derivative of -3*r**4/8 - 3*r**3/2 - 2*r**2. What is the remainder when y(-6) is divided by 16?
13
Let y = -158 - -186. What is the remainder when y is divided by 62/4 + (-2)/4?
13
Suppose -2*u + 4 + 0 = 0. Suppose -12 = u*b - 3*b. What is the remainder when 35 is divided by b?
11
Suppose 21 - 165 = -3*t. Suppose -3*g + 3 = 2*n - 13, 4*g = 4*n + t. What is the remainder when g is divided by 5?
3
Let x = -22 + 32. Calculate the remainder when 23 is divided by x.
3
Let x be (59/(-4))/(2/(-8)). Let o = 87 - x. What is the remainder when o is divided by 10?
8
Suppose 0 = -0*c - 3*c + 147. Suppose -c = -3*t - 10. Calculate the remainder when 36 is divided by t.
10
Let b = -39 - -47. Let g(f) = 5 - 5 + 2*f. What is the remainder when 61 is divided by g(b)?
13
Let j(b) = 4*b**2 + b**2 + 3*b - 7 - b**3 + 3. Let p = -17 + 22. What is the remainder when j(p) is divided by 6?
5
Suppose 0 = -g + y + 17, 8*g = 3*g + 2*y + 91. Let a(s) = -s - 9. Let p be a(-7). Calculate the remainder when g is divided by p/3 - 69/(-9).
5
Let k be (1/2)/((-1)/(-6)). Let g = 5 - k. What is the remainder when 6 is divided by g?
0
Let q = -94 + 156. What is the remainder when q is divided by 18?
8
Let v(y) = -10*y + 7 + 0*y + 6*y**2 - 5*y**2. What is the remainder when 41 is divided by v(10)?
6
Suppose n + l = 11, -4*n - l + 49 = 2*l. Calculate the remainder when 29 is divided by n.
13
What is the remainder when ((-12)/30)/(1/(-35)) is divided by 3?
2
Let g be (-2)/6 + 28/(-6). Let h = 3 + g. What is the remainder when 1 is divided by 1/h + 6/4?
0
Let q = -23 - -40. What is the remainder when 82 is divided by q?
14
Let m(q) = 26*q + 1. Calculate the remainder when m(2) is divided by 19.
15
Let m = -18 - -13. Let h = 5 + m. Suppose 0 = -4*n - 3*k + 47, 3 + h = 3*k. Calculate the remainder when n is divided by 4.
3
Suppose b + b - 7 = f, -3*b = f - 8. Suppose 0 = v - 5*s - 37, -2*v = -0*v + 5*s + 1. Calculate the remainder when (0 - b)*(-34)/3 is divided by v.
10
Let f(m) = 3*m - 17. What is the remainder when 51 is divided by f(10)?
12
What is the remainder when 118 is divided by -8*((-38)/8 - -4)?
4
Let d(i) = 2*i**2 + 8*i + 4. Calculate the remainder when 23 is divided by d(-5).
9
Let t = 19 - 19. Let y = t + 8. Suppose -58 = -4*o - 2. What is the remainder when o is divided by y?
6
Let n be (-1 - 1)/2 - -4. Suppose -75 = -n*s - 30. Let z = s - -22. What is the remainder when z is divided by 13?
11
Let r = 13 - 3. Suppose -4*g + 7*g = -3*a + 42, -18 = -2*a + 3*g. Calculate the remainder when r/(-1 + 9/7) is divided by a.
11
What is the remainder when 89 is divided by (-2 + 0 - -3)*23?
20
Suppose 4*m = m + 33. Let f(s) be the third derivative of -31*s**4/24 + 2*s**2. What is the remainder when f(-1) is divided by m?
9
Let q = -8 + 10. Suppose 3*b - q*b - 16 = 0. Calculate the remainder when 63 is divided by b.
15
Let w = 76 + -74. What is the remainder when 12 is divided by w?
0
Let x(y) = 46*y**2 + 1. Calculate the remainder when x(-1) is divided by 10.
7
Let o(q) = q**2 + 6*q - 22. Calculate the remainder when o(-13) is divided by 10.
9
Suppose 77 = 4*t - 91. Calculate the remainder when 81 is divided by t.
39
Let g = -2 + 15. Suppose 0*u + g = 5*z + u, 3*z + 6 = 4*u. Suppose 0 = 2*j - 2 - z. What is the remainder when 2 is divided by j?
0
Let c = 24 - 22. Suppose 2*q - c*r = -2*q + 46, -3*r = -3*q + 39. Calculate the remainder when q is divided by 6.
4
Suppose 12*j = 4*z + 13*j - 134, 3*j = -4*z + 130. Calculate the remainder when z is divided by (6/(-4))/(2/(-24)).
16
Suppose a + i - 17 = 4*i, -5*a + i + 155 = 0. Calculate the remainder when 125 is divided by a.
29
Let o be 57/12 - 1/(-4). Let q be (-24)/18*(-6)/2. Suppose -o*t = -q*t - 34. What is the remainder when t is divided by 12?
10
Let c(d) = -d**3 - 12*d**2 - 2*d + 12. Calculate the remainder when c(-12) is divided by 13.
10
Let l = -3 - -7. Let w = 94 - 27. Suppose -d - v = -w, 0 = -l*d + 3*v - 0*v + 254. Calculate the remainder when d is divided by 22.
21
Let n(b) = -3*b + 6. Let w be n(-7). Suppose r + w = 2*r. Suppose -5*v + 10 = 5*l, 2*l + 8 - r = v. Calculate the remainder when 19 is divided by l.
5
Suppose -u + 3*u = -v - 5, -4*v - 4 = 4*u. Let g(l) = v*l + 0 + 4 - 3. Calculate the remainder when 47 is divided by g(5).
15
Let z(p) = -p**2 + 3*p - 7. Let c be z(5). Let f = c + 29. Suppose 2*d = -3*s - 0*s + 23, 4*s - f = 2*d. Calculate the remainder when s is divided by 3.
2
What is the remainder when (-405)/36*(-8)/3 is divided by 16?
14
Let l be (-87)/(1 + 1 - 3). Suppose 0 = -3*o - 15 + l. Calculate the remainder when 47 is divided by o.
23
Suppose 5*m + 6 + 39 = 5*l, 0 = -5*m. Let s(q) = -q**2 + 10*q. What is the remainder when 17 is divided by s(l)?
8
Let v = -11 + 7. Let z = v - -8. Calculate the remainder when 3/(-12) + (-150)/(-24) is divided by z.
2
Let b(u) = -4*u + 1. Suppose 0 = 2*j - 4*s - 18, s + 1 + 2 = 2*j. What is the remainder when 13 is divided by b(j)?
3
Suppose -14*q + 589 = -153. Calculate the remainder when q is divided by 28.
25
Let s(v) = 52*v**2 + 1. Let u(c) = 208*c**2 + 4. Let o(t) = 9*s(t) - 2*u(t). What is the remainder when o(-1) is divided by 14?
11
Let k be -2 + 1*(0 + -1). Calculate the remainder when (-2 - 1)*13/k is divided by 5.
3
Suppose 12 = -5*k + k. Let p = k - -3. Suppose 3*t + 0 + 3 = p, -3*a + 19 = -t. Calculate the remainder when 23 is divided by a.
5
Let u = 8 + -6. Suppose -3*b - 2*l = -16, -2*b = -4*l + u*l + 6. Suppose 1 = 2*k - 9. What is the remainder when k is divided by b?
1
Let s(y) = -y**2 - 6*y + 5. Suppose -2*b - 87 = -5*b - m, 5*b - 3*m = 145. What is the remainder when b is divided by s(-5)?
9
Suppose -4*r = -2*f - 22, 3*r + 2*f + 15 = 6*r. Let w be (3/9 - 1)*-3. Suppose -w*x - 1 = -r. What is the remainder when 7 is divided by x?
1
Let w(h) = -9*h - 25. What is the remainder when w(-18) is divided by 46?
45
Suppose 3*q + 88 = -q. Let w = -13 - q. What is the remainder when 24 is divided by w?
6
Let i(t) = -t**3 - 3*t**2 - 3*t - 3. Let h(k) = 3*k**2 - 6*k**3 + 5*k**3 - 4*k + 1 - 7*k**2. What is the remainder when h(-4) is divided by i(-3)?
5
Let o(i) = 3*i - 16. Suppose 0 = 2*y - 5*y - g + 29, 3*y + 3*g - 21 = 0. Calculate the remainder when o(12) is divided by y.
9
Suppose 316 = 5*r - 4*l, -3*r - l - 41 + 234 = 0. Suppose r = 3*c + 25. What is the remainder when 38 is divided by c?
12
Suppose -5*a = -3*o - 0*a + 143, -2*a - 200 = -4*o. Calculate the remainder when o is divided by 30.
21
Let p be (-1)/(2/4 + 0). Let z = -1 - p. Suppose -21 + z = -2*b. Calculate the remainder when 18 is divided by b.
8
Calculate the remainder when 3 + 1 + -1 + 2 is divided by 2.
1
Let j(d) = d + 24. Calculate the remainder when 37 is divided by j(-5).
18
What is the remainder when 68*(3 + 5/(-2)) is divided by 12?
10
Let w(f) = -3*f + 1. Let x = -4 - -3. What is the remainder when w(x) is divided by 2?
0
Let i(d) = d - 12. Let l be i(9). Let n(f) be the third derivative of f**5/20 + f**4/12 - 2*f**3/3 - f**2. Calculate the remainder when 49 is divided by n(l).
15
Calculate the remainder when (1*54/(-21))/((-4)/420) is divided by 17.
15
Let y(k) = 2*k - 4. Let a be y(4). Suppose a*r - 4*o - 36 = o, -3*r = o - 8. Suppose -r*t = t - 45. What is the remainder when t i